 + x, 0 = 3*q - q. What is the greatest common divisor of v and f?
18
Suppose 7*k - 2*w = 2*k + 680, -680 = -5*k + w. What is the greatest common divisor of k and 34?
34
Let a(n) be the third derivative of -7/6*n**3 + 0 + 0*n - 3*n**2 + 25/24*n**4. Let f be a(6). Calculate the highest common divisor of 13 and f.
13
Let f(y) be the first derivative of -5*y**4/2 - 2*y**3/3 - 5*y**2/2 - 4*y - 13. Let a be f(-2). Calculate the highest common divisor of 52 and a.
26
Let t(n) = -n - 4. Let v be t(-6). Suppose -29 - 20 = -v*c + 3*d, 5*c + d - 97 = 0. Calculate the greatest common factor of 5 and c.
5
Let n = 2 - -13. Suppose -c = 4*a - n, -2*c + 3*a + 18 = -12. What is the highest common factor of c and 15?
15
Let m(w) = 16*w - 94. Let z be m(8). Calculate the highest common factor of 272 and z.
34
Suppose 16*v = 4*v - 1536. Let w = -109 - v. Calculate the greatest common divisor of 19 and w.
19
Suppose h + 5 = -2. Let j be (-434)/10 - (-8)/20. Let z = h - j. What is the highest common factor of 54 and z?
18
Suppose 1745 = -5*t + 4345. Suppose -4*i + 9*i - t = 0. What is the highest common factor of i and 8?
8
Let f be (-8)/(-32)*(-8)/(-1). Suppose -12 = f*t - 5*t. Calculate the greatest common divisor of 36 and t.
4
Let p be ((-14)/6)/((-2)/12). Suppose 5*d = -6 + 36. Let b be 152 + (-2 - d*2/(-3)). Calculate the highest common factor of p and b.
14
Let k = -232 - -243. Calculate the greatest common factor of 253 and k.
11
Let g = -7 + 12. Let j(y) = 126*y**2 - 5*y - 6. Let f be j(-1). Calculate the greatest common factor of f and g.
5
Let x(m) = -m**3 + 8*m**2 - 11*m - 1. Let n be x(6). Suppose 13 - 3 = -n*o, -5*o + 170 = 3*d. Let j = 66 + -46. What is the greatest common divisor of j and d?
20
Let l = -467 + 676. What is the highest common factor of 95 and l?
19
Suppose -6*a = -c - 4*a + 40, -4*a - 118 = -3*c. What is the greatest common factor of c and 171?
19
Suppose 6*d - 304 + 16 = 0. Suppose c + 12 = x + 4*c, 0 = -2*c + 8. Suppose x*v = 2*v - d. Calculate the greatest common factor of v and 6.
6
Suppose -z + 2*z = -2*l + 22, 36 = 3*l + 3*z. Suppose 43 = 4*m + k, 44 = 2*m - 2*k + l. What is the greatest common divisor of m and 84?
12
Let f = 19 + -8. Suppose 3 = -3*r - 3. Let c be (r - -4) + (-3 - -12). Calculate the highest common factor of c and f.
11
Suppose -3*y - v = -250, -4*v = -5*y + 333 + 112. Let k be 612/y*20/3. What is the greatest common divisor of k and 24?
24
Suppose 1252 = 8*a + 724. Calculate the highest common divisor of a and 1056.
66
Suppose 0 = 2*x - 2*f - 1129 - 423, -10 = 2*f. Suppose 3*h + 4*t - x = 0, 2*h - 181 - 344 = t. What is the highest common divisor of 29 and h?
29
Let u(d) = -58*d - 2. Let i be u(-2). Let p = i - 74. Calculate the highest common factor of 5 and p.
5
Let v be (17 - 1) + 20/15*-3. What is the highest common factor of v and 42?
6
Let s(t) = t - 1. Let u be s(7). Let c be 2/u + (-20)/(-12). What is the highest common factor of 1 and c?
1
Suppose 0*u + 918 = 2*u. Suppose 2*f - u = -129. What is the highest common divisor of 15 and f?
15
Suppose 2 = -f - f. Let y be (f/(-2))/((-12)/24). Let k(d) = 14*d**2 + d. Let b be k(y). What is the greatest common factor of b and 143?
13
Suppose f + 2 = 6, 2*t + 3*f - 12 = 0. Suppose t = -17*z - 0*z + 238. Let b be -1 - -1 - 0 - -14. Calculate the greatest common divisor of z and b.
14
Suppose -4*t + 8 + 4 = 0. Suppose -t*g + 5 = -4. Let c(u) = -u**2 + 11*u + 9. Let j be c(11). Calculate the highest common divisor of g and j.
3
Let b(v) = 48*v + 335. Let o be b(-6). What is the highest common factor of 1457 and o?
47
Suppose 0 = -t - 5*n + 43, 3*t + 2 = -5*n + 141. Let q(m) = m**3 + 7*m**2 + 10*m + 156. Let w be q(-8). What is the greatest common divisor of t and w?
12
Suppose -5*c = 27*c - 15840. What is the highest common factor of 135 and c?
45
Let s be (1 + -2 - (66 - 78))*1. Calculate the highest common divisor of s and 528.
11
Suppose -c + 6 = 3*o - 6, c + 4*o = 8. Suppose -23*n = -c*n + 2. What is the greatest common divisor of 18 and n?
2
Let c = 40 - -1145. What is the greatest common divisor of 79 and c?
79
Suppose -8*l - 159 = -295. What is the highest common factor of l and 391?
17
Let d(p) = -50*p - 20. Let v be d(-12). What is the highest common factor of 29 and v?
29
Suppose -2*s - s + 15 = 0. Suppose -3*i + 52 = 5*u - 28, 0 = -s*u - 10. Let n be (-1)/3*(-450)/10. What is the highest common factor of n and i?
15
Suppose -t - t + p + 79 = 0, -3*t - 4*p + 91 = 0. Let u = -26 + t. What is the highest common factor of u and 88?
11
Let z(v) = -v**3 + 6*v**2 + 3*v + 3. Let a(k) = 2*k**2 + 3*k + 4. Let q be a(-2). Let p be z(q). What is the greatest common divisor of p and 63?
21
Suppose -16 = i + 3*k, -2*i + 5*i = 2*k + 7. Let s = i + -11. Let l be 1/(-3 - 40/s). Calculate the greatest common factor of 3 and l.
3
Suppose 5 + 0 = -3*v - 5*m, 2*v = 5*m + 30. Suppose v*c + 5*o - 95 = 0, -c - 6 = -o - 29. Calculate the highest common factor of c and 42.
21
Suppose 3264 = -3*h - 3*q, 0 = -4*h - q + 4*q - 4380. Let v be h/(-49) - (-6)/(-21). Calculate the highest common factor of v and 22.
22
Let q be -3*1 - (-7 + -1). Let c be (18/8)/((-6)/(-32)). Suppose -q*d + 8 = -c. What is the greatest common factor of d and 12?
4
Suppose 0 = 5*y, -3*j + y + 10 = 2*j. Let u = -3458 - -3466. Calculate the highest common divisor of j and u.
2
Suppose -3*x - 1 = 4*g - 35, -3*x - 56 = -5*g. Calculate the highest common divisor of g and 30.
10
Suppose d - 7 = 21. Calculate the highest common factor of d and 4.
4
Let n(f) = 9*f**2 + 7*f - 6. Let w be n(1). Calculate the highest common factor of w and 320.
10
Let l be ((-3)/6)/(1/2). Let m = 5 + l. Let f(j) = -j**3 + 6*j**2 + 2*j - 5. Let h be f(m). What is the greatest common divisor of h and 7?
7
Let b be 544/2 + 32 + -29. What is the highest common factor of 22 and b?
11
Suppose 0 = -44*g + 29*g + 120. What is the greatest common factor of 160 and g?
8
Let o(j) = j**3 + 7*j**2 + 5*j - 7. Let w be o(-5). Calculate the greatest common factor of w and 9.
9
Let d(b) = 15*b - 16. Let o be d(9). Let g be 2*(33/6 - 2). What is the greatest common factor of o and g?
7
Suppose 9*h = -s + 6*h + 71, 2*h = 2. Calculate the highest common factor of s and 51.
17
Let p be 418/4 + 1/(-2). Let q be (184 + -93)*(1 - 5/7). Calculate the highest common divisor of q and p.
26
Suppose -10*m + 3*m + 504 = 0. Let b = m - 24. What is the greatest common factor of 64 and b?
16
Let b(v) = -v**2 - 17*v + 40. Let c(u) = u**2 + 16*u - 38. Let t(o) = -4*b(o) - 5*c(o). Let s be t(-14). What is the greatest common divisor of s and 26?
2
Let i(l) = l**2 - l - 6. Let o be i(4). Let x = o + 24. Calculate the highest common factor of x and 30.
30
Suppose -5*w + 3*u + 1692 = 0, -4*w - u - 4*u = -1324. What is the highest common factor of w and 294?
42
Suppose -2*w + 5*l = -74, -w - 5*l = -22 - 30. Suppose -3*m = -4*z + 78, 4*m - 20 + 12 = 0. What is the greatest common factor of w and z?
21
Suppose -42 - 2314 = -4*c. Calculate the highest common divisor of 19 and c.
19
Let v be 1590/25*200/24. What is the greatest common factor of v and 10?
10
Let k be (-311)/7 - 33/(-77). Let u = k + 85. Let i = u - 29. Calculate the greatest common factor of i and 6.
6
Let j = 48 + -47. Suppose 4*c + j = 3*d - 8*d, -2*d + 26 = -5*c. What is the greatest common factor of 3 and d?
3
Suppose 5*y + 3251 = 3*s, 11*y = 16*y - 25. Calculate the greatest common divisor of 24 and s.
12
Suppose 0 = 163*c - 166*c + 198. Let o be (0*2/(-4))/2. Suppose o = h + h - 22. What is the highest common divisor of h and c?
11
Let p = 94 + -74. Let q be (3/5)/(13/1885). Let v = 167 - q. What is the highest common divisor of p and v?
20
Let v = 307 - 268. Suppose 3*o + 8 = -37. Let z = v + o. What is the greatest common factor of z and 8?
8
Let j = -82 + 89. Suppose -5*m + 21 = -154. Calculate the highest common factor of m and j.
7
Suppose 5406 = -25*i + 30156. What is the highest common divisor of 11 and i?
11
Suppose s - 3*z - 394 = 0, -135 = -2*s + 4*z + 649. What is the highest common factor of 485 and s?
97
Let s = -55 + 62. Suppose 0 = 4*z - 90 + 14. Let q = -5 + z. What is the greatest common factor of q and s?
7
Let b(f) = 2*f + 19. Let w be b(-25). Let z be (-1)/((-1)/1) - 1*w. Calcul